{"id":9,"date":"2025-10-05T17:47:48","date_gmt":"2025-10-05T17:47:48","guid":{"rendered":"https:\/\/www.steinundhaus.de\/?page_id=9"},"modified":"2025-10-05T18:14:00","modified_gmt":"2025-10-05T18:14:00","slug":"downloads","status":"publish","type":"page","link":"https:\/\/www.steinundhaus.de\/?page_id=9","title":{"rendered":"Bewerbung"},"content":{"rendered":"\n<p>Sie m\u00f6chten sich bewerben? Hier finden Sie unsere Bewerbungsunterlagen zum herunterladen.<\/p>\n\n\n\n<p><strong>Bitte beachten Sie, folgende Dokumente Ihrer Bewerbung beizulegen: <\/strong><\/p>\n\n\n\n<ol class=\"wp-block-list\">\n<li>Eine Best\u00e4tigung des Arbeitgebers, dass Sie sich in einem ungek\u00fcndigten Arbeitsverh\u00e4ltnis befinden<\/li>\n\n\n\n<li>Kopie des Personalausweises<\/li>\n\n\n\n<li>Eine Originalbest\u00e4tigung des jetzigen Vermieters, \u00fcber die Mietschuldenfreiheit.<\/li>\n\n\n\n<li>Kopien der letzten 3 Gehaltsnachweise<\/li>\n<\/ol>\n\n\n\n<h4 class=\"wp-block-heading\">Bewerbungsunterlagen: <\/h4>\n\n\n\n<div data-wp-interactive=\"core\/file\" class=\"wp-block-file\"><object data-wp-bind--hidden=\"!state.hasPdfPreview\" hidden class=\"wp-block-file__embed\" data=\"https:\/\/www.steinundhaus.de\/wp-content\/uploads\/2025\/10\/SHV-Fragebogen.pdf\" type=\"application\/pdf\" style=\"width:100%;height:600px\" aria-label=\"Einbettung von SHV-Fragebogen.\"><\/object><a id=\"wp-block-file--media-35a728da-d764-4ac6-a226-ad7160772de9\" href=\"https:\/\/www.steinundhaus.de\/wp-content\/uploads\/2025\/10\/SHV-Fragebogen.pdf\">SHV-Fragebogen<\/a><a href=\"https:\/\/www.steinundhaus.de\/wp-content\/uploads\/2025\/10\/SHV-Fragebogen.pdf\" class=\"wp-block-file__button wp-element-button\" download aria-describedby=\"wp-block-file--media-35a728da-d764-4ac6-a226-ad7160772de9\">Download<\/a><\/div>\n\n\n\n<p><\/p>\n","protected":false},"excerpt":{"rendered":"<p>Sie m\u00f6chten sich bewerben? Hier finden Sie unsere Bewerbungsunterlagen zum herunterladen. Bitte beachten Sie, folgende Dokumente Ihrer Bewerbung beizulegen: Bewerbungsunterlagen:<\/p>\n","protected":false},"author":1,"featured_media":0,"parent":0,"menu_order":0,"comment_status":"closed","ping_status":"closed","template":"","meta":{"footnotes":""},"class_list":["post-9","page","type-page","status-publish","hentry"],"jetpack_sharing_enabled":true,"_links":{"self":[{"href":"https:\/\/www.steinundhaus.de\/index.php?rest_route=\/wp\/v2\/pages\/9","targetHints":{"allow":["GET"]}}],"collection":[{"href":"https:\/\/www.steinundhaus.de\/index.php?rest_route=\/wp\/v2\/pages"}],"about":[{"href":"https:\/\/www.steinundhaus.de\/index.php?rest_route=\/wp\/v2\/types\/page"}],"author":[{"embeddable":true,"href":"https:\/\/www.steinundhaus.de\/index.php?rest_route=\/wp\/v2\/users\/1"}],"replies":[{"embeddable":true,"href":"https:\/\/www.steinundhaus.de\/index.php?rest_route=%2Fwp%2Fv2%2Fcomments&post=9"}],"version-history":[{"count":5,"href":"https:\/\/www.steinundhaus.de\/index.php?rest_route=\/wp\/v2\/pages\/9\/revisions"}],"predecessor-version":[{"id":23,"href":"https:\/\/www.steinundhaus.de\/index.php?rest_route=\/wp\/v2\/pages\/9\/revisions\/23"}],"wp:attachment":[{"href":"https:\/\/www.steinundhaus.de\/index.php?rest_route=%2Fwp%2Fv2%2Fmedia&parent=9"}],"curies":[{"name":"wp","href":"https:\/\/api.w.org\/{rel}","templated":true}]}}